 + 13*w(p). Let h(o) = -170*o - 120 - 184*o + 344*o. Let s be h(-12). Give a(s).
-4
Let w(a) be the second derivative of -a**7/840 + 7*a**6/360 + a**5/30 + 5*a**4/24 + 51*a**3/2 - 22*a + 1. Let v(h) be the second derivative of w(h). Give v(8).
-27
Let s(i) be the third derivative of -i**6/120 + i**5/20 + i**4/3 + 2*i**3 - 13*i**2. Suppose -13 = -5*n + 12. Let u be s(n). Let r(v) = 3*v - 2. Give r(u).
4
Suppose 135 = 10*l + 45. Suppose -2*i + 10 = 0, 4*a = 5*i - l*i + 44. Let x(d) = -d**3 + 5*d**2 + 9*d - 7. What is x(a)?
11
Suppose 78*h - 9 = 81*h, 0 = -2*r + 5*h + 31. Let u(x) = x**3 - 10*x**2 + 50*x - 268. Give u(r).
4
Let q(z) be the second derivative of z**5/60 - z**4/4 - 5*z**3/6 - 130*z**2 + z + 23. Let p(y) be the first derivative of q(y). What is p(6)?
-5
Let t(p) be the first derivative of -148 - 1/2*p**2 + 1/3*p**3 + 3*p. Determine t(0).
3
Let o(f) = -7*f - 22. Let k(c) be the second derivative of -4*c**3/3 - 21*c**2/2 + 61*c + 2. Let y(n) = -5*k(n) + 6*o(n). What is y(-17)?
7
Let t(f) be the first derivative of -1/30*f**6 - 10/3*f**3 + 23 + 0*f - 1/60*f**5 + 1/24*f**4 + 0*f**2. Let k(s) be the third derivative of t(s). Give k(1).
-13
Let f(x) be the third derivative of -10*x - 1/6*x**4 + 1/6*x**3 - 10*x**2 + 0 + 1/60*x**5. Calculate f(2).
-3
Let m(f) = 2*f**2 - 13*f**3 - f**2 - f - f**3. Let u be (-1)/(28/(-144)) + 3/(-21). Suppose 11 = -u*g + 16. What is m(g)?
-14
Suppose -5*b + s + 38 + 2 = 0, 3*b - 11 = -2*s. Let a(q) = -4*q**2 - 32*q - 37. Let h(v) = v**2 + 10*v + 12. Let c(k) = b*h(k) + 2*a(k). What is c(7)?
3
Suppose 0 = 36*i - 42 - 1002. Let u(q) = -12*q - 4. Let b be u(-4). Let g(p) = -i*p + b*p - 21*p. What is g(-1)?
6
Let r(i) = i**2 + 11*i + 5. Let n(d) be the third derivative of -11*d**4/24 + 11*d**3/2 + 91*d**2 - d. Let y be n(4). Give r(y).
5
Let k(l) be the second derivative of l**4/12 - 7*l**3/6 - 97*l - 7. Let s be 3/(1 - -2)*25. Suppose -5 = -2*m - o + 6, 4*m - s = o. Give k(m).
-6
Let j(d) = -7*d**3 - d. Let w = 50 - 44. Suppose 4*n = w*n - 3*m + 7, -21 = 5*n - 4*m. Let b be n + 20/5 - 0. Give j(b).
8
Let j(k) = -k**2 + k. Let x = 35 + -32. Let o(h) = 3 + 8*h + 5*h**x + 5 - 10*h**2 - 4*h**3. Let s be o(9). Give j(s).
-2
Let n(g) = 0*g**2 + g**3 + 3 - 5*g**2 + 4*g + 0*g. Suppose 15 = 3*u - 33. Suppose 3*w - 5*x = 2*w - u, 4 = -3*w + 4*x. Give n(w).
3
Let w(n) = n**3 + 5*n**2 - 17*n - 81. Let b be w(-5). Let o = -8 - -11. Suppose -6 = -i + b*s + 2, o*i - 16 = 4*s. Let y(g) = -g**2 + 2*g - 2. Give y(i).
-10
Let y(d) = d - 30. Suppose 71 + 137 = -4791*i + 4804*i. Determine y(i).
-14
Let p(x) = -18*x - 48. Let f = 12353 + -12358. Calculate p(f).
42
Suppose -14*z + 3*z - 66 = 0. Let b be ((-40)/z)/5*6. Let a(t) = b*t - 8*t - t + 6. What is a(10)?
-4
Let v(m) = m**2 - 8*m + 24. Let w = -2326 + 2329. Determine v(w).
9
Let i = -410 - -418. Let n(a) be the third derivative of -a**4/12 + 5*a**3/3 - 32*a**2. What is n(i)?
-6
Let l(p) = -p + 1. Let r(o) = 2. Let q(k) = 1. Let u(v) = 7*q(v) - 4*r(v). Let i(n) = -l(n) - u(n). Suppose -11*j + 19 = 85. Give i(j).
-6
Suppose -5*p - 23*p - 333 = 9*p. Let q(f) = f**3 + 11*f**2 + 24*f + 19. Calculate q(p).
-35
Let b(y) be the second derivative of -y**5/20 - y**2/2 + 986*y. Let z(x) = -x**2 - 7*x + 1. Let h be z(-7). What is b(h)?
-2
Let l(r) = 9*r - 30. Let z(s) = 4*s - 15. Let a(k) = 2*l(k) - 5*z(k). Suppose 191*t = 42961 - 41242. Give a(t).
-3
Let h(v) = v - 4. Let p be (38 + -4)*184/(-16). Let g = p - -383. What is h(g)?
-12
Let f(h) be the second derivative of -h**3/3 - h**2/2 - 5810*h. Let t(p) = p - 6. Let o be t(5). What is f(o)?
1
Let k(v) = -v**3 - v**2 + 5. Let q = -119 - -127. Suppose 0 = -5*j + 4*y + q, -4*y + 2*y - 4 = 0. What is k(j)?
5
Let n(a) = 29 + 1235*a - a**2 - 625*a - 612*a. Give n(5).
-6
Let m(t) = 64*t**2 + 5*t - 7*t**2 - 6*t**2 - 50*t**2 - 6 + 0. Let y = -44 - -28. Let g = y - -11. Determine m(g).
-6
Let m(q) = -2*q**2 - 3*q - 2. Let s(c) = c**3 - 2*c**2 - 23*c - 8. Let x be 72/20*4/(36/15). Let z be s(x). Determine m(z).
-4
Let g(a) = -a**3 + 6*a**2 + 7*a. Let z be g(7). Let n(t) = 2*t**2 + 3*t - 4. Let i be n(2). Let r(c) = -c + 2 - 4 + i. Determine r(z).
8
Let s(a) be the first derivative of 51 + 15*a + 9/2*a**2 - 1/3*a**3. What is s(12)?
-21
Let d(i) be the third derivative of -11/24*i**4 + 1/60*i**5 + 0 + 94*i + 3*i**3 + i**2. What is d(8)?
-6
Let h(a) = -a. Let l(x) be the second derivative of x**3/3 - x**2 + 195*x. Let j(i) = 3*h(i) + l(i). What is j(-11)?
9
Suppose 3*h - 11 = -5*x, -2*h + 2*x + 4 = h. Suppose -h*i + 4 = 2*b, 2*b - 17 = -2*b + 5*i. Let l(a) = -5 - 5*a**3 + 4*a**3 + 2 + 2*a**b + a. Give l(0).
-3
Let p(w) be the first derivative of -204 - 4*w**2 - 1/3*w**3 - 5*w. What is p(-8)?
-5
Let s(n) = -89 - 100 + 195 + n**2 + 0*n**2 - 2*n + n. Determine s(-7).
62
Suppose 33 = 30*q - 27*q. Let d(n) = 3 + 5 + q*n**2 - 3 - 7*n**2 - n - 6. Let m(s) = -s**2 - 3*s + 3. Let r be m(-4). Give d(r).
4
Let z(o) = o**3 - o**2 - o - 6. Let h be 1/(-3*(-1)/15). Let s be 0/(-6*(-1)/(-2)). Suppose h*p - 4*p = s. What is z(p)?
-6
Suppose -3*o = -2*k + 7, 66*k - 21 = 4*o + 61*k. Let j(a) = 12*a**3 - 2*a**2 + a. Calculate j(o).
11
Let d(k) = -k**3 + 5*k**2 + k - 4. Let r be d(5). Let b(h) be the third derivative of -2*h**5/15 - h**4/24 + h**3/3 - 2*h**2 - 18458*h - 2. Give b(r).
-7
Let r be ((-2)/5*-1)/(9/45). Let m(n) = -r - 103*n**2 - 3*n + 0*n**3 - n**3 + 106*n**2. Give m(3).
-11
Let y be 4/(-5 - -7)*6. Suppose y*h - 18 = 9*h. Let t(f) = -f**3 + 8*f**2 - 11*f - 13. Give t(h).
-7
Let u(l) = 4*l**3 + l. Let z be u(1). Suppose -4*g - 14 = -3*m, -z*g - 3 = -m - 2. Let c(y) = -6 + y**3 + 5*y**2 + 0*y**3 + m*y - 11*y**2 + 0*y. Determine c(5).
-1
Let w = 2 + 4. Let x(d) = 0*d**2 + 6 - w*d - 5 + d**2. Let g be 8/(-6)*90/(-24). What is x(g)?
-4
Let r be (2 + 6)*(-3)/(-12). Suppose -4*m = -2*d - r + 10, 0 = 3*d + 4*m - 22. Let w(o) = -o + 13. Calculate w(d).
7
Let n(i) = 24*i - 74. Let c be n(3). Let u(v) = -35*v + 2. Calculate u(c).
72
Let r be (-10946)/234 + 56 + (-2)/9. Let v(m) = -12*m + 1 + m**2 + 3 + 1. Determine v(r).
-22
Let f = -155 + 148. Let x be ((-42)/(-4))/f*16/(-6). Let t(b) = -b**2 + 7*b. Determine t(x).
12
Let u be 2*33/180 + (72/(-30))/12. Let k(n) be the third derivative of 0 + 1/6*n**3 + 1/12*n**5 - 1/120*n**6 - 13*n**2 + 0*n - u*n**4. Determine k(3).
7
Let i(m) = -408 + 9*m + m - 15*m**2 + m**3 - 21 + 11. Calculate i(16).
-2
Let c(f) = f**2 - 8*f + 7. Suppose 3*n + 3*o = 101 + 46, o = -2*n + 95. Suppose -48 = 3*q - 5*z - 181, 0 = 5*z + 10. Let j = n - q. Calculate c(j).
-8
Let f(t) = -3*t**2 - 2*t. Let d(r) = -r**2 - 6*r + 3. Let k be d(-5). Let w be (-5 - (-36)/k)*-26. Suppose -w = b - 11. Calculate f(b).
-8
Let m(b) be the third derivative of b**6/120 + 4*b**3/3 - b**2. Suppose -x - 2 = -8*j, 16*x - 18*x - 4 = 3*j. Determine m(j).
8
Let v(z) = -42*z**3 + 4*z**2 + 2*z - 1. Let g be v(-1). Let y(q) = -q**3 + g*q - 26*q + 4*q**2 - 4 - 15*q - q**2. Give y(3).
2
Let y(v) = -5*v + 96 - 76 + 47 + 0*v + 0*v. Give y(17).
-18
Let o(l) = -20*l - 131. Let u be o(-6). Let a(i) = -2 - 4 - i + 0*i + 12. Give a(u).
17
Suppose -9*m + 88 - 133 = 0. Let j(z) = 4 + z - 15 + 2 + 3 - 2. Give j(m).
-13
Suppose -5*m - 2*l + 6 = 0, 2*m + 1 = l + 7. Let x(k) = 3*k**3 + 3*k**2 + k - 4. Give x(m).
34
Let d(p) = -p**2 + 4*p + 4. Let n be d(4). Let f be 1451/7 + 34/(-119). Let a(u) = f - 203 + 2*u + 0*u. Determine a(n).
12
Let v(r) = -r**3 + 4*r**2 + 6*r - 10. Let l(a) = -2*a**2 + 26*a + 15. Let g(t) = t**2 - 12*t - 8. Let j(b) = 7*g(b) + 3*l(b). Let d be j(-2). Give v(d).
-5
Suppose -3*j + 2*l + 52 = -34, -91 = -3*j + l. Let s(x) = x**2 - 30*x - 57. What is s(j)?
7
Let o(d) be the second derivative of -d**4/12 + 2*d**3/3 - 2*d**2 - 5*d. Let n be o(5). Let v(i) = 21*i**2 + 43985 - 22*i**2 - 10*i - 43993. Give v(n).
1
Let t(w) = 60 + 48 - 4*w + 56 + 56 - 11*w**2 - 224. What is t(-1)?
-11
Suppose 5*c + 4*i - 105 = 0, -2*c - 4*i = -7*c + 65. Let a(q) = -13*q + 228. What is a(c)?
7
Let d(u) = -58664 - u - u**2 + 58664 + 2*u. Let c be 7/(-3) - (-1)/3. Let b(l) = -l**3 - 4*l**2 - 3*l. Let j be b(c). What is d(j)?
-6
Let n(p) = 7*p + 7. Let b(g) = -8*g - 21. Let k(t) = 3*b(t) + 4*n(t). Give k(9).
1
Let b(a) = -7*a**2 - a**3 - 4*a + 4 - 2*a - 8. Suppose 442*k - 431*k + 4103 = 0. Let 